{"id":1490,"date":"2014-11-06T05:51:21","date_gmt":"2014-11-06T05:51:21","guid":{"rendered":"http:\/\/howes-data.thememount.com\/?page_id=1490"},"modified":"2019-03-28T13:27:20","modified_gmt":"2019-03-28T12:27:20","slug":"about-us-v2","status":"publish","type":"page","link":"https:\/\/lawprotect.sk\/?page_id=1490","title":{"rendered":"Rodinn\u00e9 pr\u00e1vo"},"content":{"rendered":"\n<h2> Pri poskytovan\u00ed pr\u00e1vnych slu\u017eieb sa zameriavame na tieto \u010dinnosti <\/h2>\n\n\n\n<div class=\"wp-block-columns has-2-columns\">\n<div class=\"wp-block-column\">\n<ul><li>Pod\u00e1vanie n\u00e1vrhu na rozvod  v konan\u00ed o rozvod a zastupovanie v konan\u00ed<\/li><\/ul>\n\n\n\n<ul><li>Podanie n\u00e1vrhu na \u00fapravu rodi\u010dovsk\u00fdch pr\u00e1v a povinnost\u00ed a zastupovanie v konan\u00ed<\/li><\/ul>\n\n\n\n<ul><li>Zastupovanie v konan\u00ed o zapretie otcovstva<\/li><\/ul>\n\n\n\n<ul><li>Zastupovanie v konan\u00ed o vyslovenie pr\u00edpustnosti prevzatia a dr\u017eania v zdravotn\u00edckom zariaden\u00ed<\/li><\/ul>\n<\/div>\n\n\n\n<div class=\"wp-block-column\"><\/div>\n<\/div>\n\n\n\n<div class=\"wp-block-columns has-2-columns\">\n<div class=\"wp-block-column\"><\/div>\n\n\n\n<div class=\"wp-block-column\"><\/div>\n<\/div>\n","protected":false},"excerpt":{"rendered":"<p>Pri poskytovan\u00ed pr\u00e1vnych slu\u017eieb sa zameriavame na tieto \u010dinnosti Pod\u00e1vanie n\u00e1vrhu na rozvod v konan\u00ed o rozvod a zastupovanie v konan\u00ed Podanie n\u00e1vrhu na \u00fapravu rodi\u010dovsk\u00fdch pr\u00e1v a povinnost\u00ed a zastupovanie v konan\u00ed Zastupovanie v konan\u00ed o zapretie otcovstva Zastupovanie v konan\u00ed o vyslovenie pr\u00edpustnosti prevzatia a dr\u017eania v zdravotn\u00edckom zariaden\u00ed<\/p>\n","protected":false},"author":1,"featured_media":0,"parent":0,"menu_order":6,"comment_status":"closed","ping_status":"closed","template":"","meta":[],"_links":{"self":[{"href":"https:\/\/lawprotect.sk\/index.php?rest_route=\/wp\/v2\/pages\/1490"}],"collection":[{"href":"https:\/\/lawprotect.sk\/index.php?rest_route=\/wp\/v2\/pages"}],"about":[{"href":"https:\/\/lawprotect.sk\/index.php?rest_route=\/wp\/v2\/types\/page"}],"author":[{"embeddable":true,"href":"https:\/\/lawprotect.sk\/index.php?rest_route=\/wp\/v2\/users\/1"}],"replies":[{"embeddable":true,"href":"https:\/\/lawprotect.sk\/index.php?rest_route=%2Fwp%2Fv2%2Fcomments&post=1490"}],"version-history":[{"count":14,"href":"https:\/\/lawprotect.sk\/index.php?rest_route=\/wp\/v2\/pages\/1490\/revisions"}],"predecessor-version":[{"id":11896,"href":"https:\/\/lawprotect.sk\/index.php?rest_route=\/wp\/v2\/pages\/1490\/revisions\/11896"}],"wp:attachment":[{"href":"https:\/\/lawprotect.sk\/index.php?rest_route=%2Fwp%2Fv2%2Fmedia&parent=1490"}],"curies":[{"name":"wp","href":"https:\/\/api.w.org\/{rel}","templated":true}]}}