{"id":5477,"date":"2015-07-15T10:51:10","date_gmt":"2015-07-15T10:51:10","guid":{"rendered":"http:\/\/olinia-data.thememountdemo.com\/?page_id=5477"},"modified":"2020-01-28T16:30:41","modified_gmt":"2020-01-28T15:30:41","slug":"services-box-hover","status":"publish","type":"page","link":"https:\/\/lawprotect.sk\/?page_id=5477","title":{"rendered":"O N\u00c1S"},"content":{"rendered":"\n<h2 style=\"text-align:left\">JUDr. Branislav Voloch <br>advok\u00e1t<\/h2>\n\n\n\n<p><\/p>\n\n\n\n<div class=\"wp-block-columns has-2-columns\">\n<div class=\"wp-block-column\">\n<ul><li> V roku 2008 absolvoval Pr\u00e1vnick\u00fa fakultu na Paneur\u00f3pskej vysokej \u0161kole v Bratislave<\/li><\/ul>\n\n\n\n<ul><li> V rokoch 2009 a\u017e 2015 pracoval ako vy\u0161\u0161\u00ed s\u00fadny \u00faradn\u00edk na Okresnom s\u00fade v Trebi\u0161ove<\/li><\/ul>\n\n\n\n<ul><li> V roku 2015 absolvoval Justi\u010dn\u00fa sk\u00fa\u0161ku v Justi\u010dnej akad\u00e9mii v Pezinku<\/li><\/ul>\n\n\n\n<ul><li> Od roku 2016 p\u00f4sob\u00ed v oblasti advok\u00e1cie a v s\u00fa\u010dastnosti je samostatn\u00fdm advok\u00e1tom<\/li><\/ul>\n\n\n\n<ul><li> Prax pr\u00e1vnika v rozsahu 11 rokov <\/li><\/ul>\n<\/div>\n\n\n\n<div class=\"wp-block-column\">\n<ul class=\"wp-block-gallery columns-1 is-cropped\"><li class=\"blocks-gallery-item\"><figure><img loading=\"lazy\" width=\"1024\" height=\"473\" src=\"https:\/\/lawprotect.sk\/wp-content\/uploads\/2019\/10\/uvod-1024x473.jpg\" alt=\"\" data-id=\"12053\" data-link=\"https:\/\/lawprotect.sk\/?attachment_id=12053\" class=\"wp-image-12053\"\/><\/figure><\/li><li class=\"blocks-gallery-item\"><figure><img loading=\"lazy\" width=\"1024\" height=\"473\" src=\"https:\/\/lawprotect.sk\/wp-content\/uploads\/2019\/10\/uvod-ja-1024x473.jpg\" alt=\"\" data-id=\"12056\" data-link=\"https:\/\/lawprotect.sk\/?attachment_id=12056\" class=\"wp-image-12056\"\/><\/figure><\/li><\/ul>\n<\/div>\n<\/div>\n","protected":false},"excerpt":{"rendered":"<p>JUDr. Branislav Voloch advok\u00e1t V roku 2008 absolvoval Pr\u00e1vnick\u00fa fakultu na Paneur\u00f3pskej vysokej \u0161kole v Bratislave V rokoch 2009 a\u017e 2015 pracoval ako vy\u0161\u0161\u00ed s\u00fadny \u00faradn\u00edk na Okresnom s\u00fade v Trebi\u0161ove V roku 2015 absolvoval Justi\u010dn\u00fa sk\u00fa\u0161ku v Justi\u010dnej akad\u00e9mii v Pezinku Od roku 2016 p\u00f4sob\u00ed v oblasti advok\u00e1cie a v s\u00fa\u010dastnosti je samostatn\u00fdm advok\u00e1tom [&hellip;]<\/p>\n","protected":false},"author":1,"featured_media":0,"parent":0,"menu_order":50,"comment_status":"closed","ping_status":"open","template":"","meta":[],"_links":{"self":[{"href":"https:\/\/lawprotect.sk\/index.php?rest_route=\/wp\/v2\/pages\/5477"}],"collection":[{"href":"https:\/\/lawprotect.sk\/index.php?rest_route=\/wp\/v2\/pages"}],"about":[{"href":"https:\/\/lawprotect.sk\/index.php?rest_route=\/wp\/v2\/types\/page"}],"author":[{"embeddable":true,"href":"https:\/\/lawprotect.sk\/index.php?rest_route=\/wp\/v2\/users\/1"}],"replies":[{"embeddable":true,"href":"https:\/\/lawprotect.sk\/index.php?rest_route=%2Fwp%2Fv2%2Fcomments&post=5477"}],"version-history":[{"count":26,"href":"https:\/\/lawprotect.sk\/index.php?rest_route=\/wp\/v2\/pages\/5477\/revisions"}],"predecessor-version":[{"id":12060,"href":"https:\/\/lawprotect.sk\/index.php?rest_route=\/wp\/v2\/pages\/5477\/revisions\/12060"}],"wp:attachment":[{"href":"https:\/\/lawprotect.sk\/index.php?rest_route=%2Fwp%2Fv2%2Fmedia&parent=5477"}],"curies":[{"name":"wp","href":"https:\/\/api.w.org\/{rel}","templated":true}]}}